 remainder when 821 is divided by 265?
26
Calculate the remainder when 81551 is divided by 4524.
119
What is the remainder when 32023 is divided by 61?
59
Calculate the remainder when 212 is divided by 33.
14
What is the remainder when 3473247 is divided by 1375?
1372
What is the remainder when 3144097 is divided by 19?
15
Calculate the remainder when 3177 is divided by 771.
93
Calculate the remainder when 76959 is divided by 76950.
9
What is the remainder when 37071 is divided by 1373?
0
What is the remainder when 47226 is divided by 477?
3
Calculate the remainder when 1001 is divided by 91.
0
What is the remainder when 929 is divided by 313?
303
Calculate the remainder when 9694 is divided by 4822.
50
Calculate the remainder when 38615 is divided by 3.
2
Calculate the remainder when 31428 is divided by 388.
0
Calculate the remainder when 460027 is divided by 153342.
1
What is the remainder when 86047 is divided by 107?
19
Calculate the remainder when 253394 is divided by 143.
141
Calculate the remainder when 7084 is divided by 11.
0
Calculate the remainder when 2740 is divided by 66.
34
What is the remainder when 253558 is divided by 605?
63
What is the remainder when 866 is divided by 551?
315
What is the remainder when 172744 is divided by 10?
4
What is the remainder when 7798 is divided by 2597?
7
Calculate the remainder when 4568 is divided by 1118.
96
What is the remainder when 72550 is divided by 2136?
2062
What is the remainder when 6138 is divided by 1228?
1226
What is the remainder when 8612 is divided by 235?
152
Calculate the remainder when 1672 is divided by 394.
96
What is the remainder when 43572 is divided by 249?
246
What is the remainder when 21195 is divided by 265?
260
Calculate the remainder when 4815 is divided by 115.
100
What is the remainder when 2419 is divided by 376?
163
What is the remainder when 465749 is divided by 143?
141
What is the remainder when 703693 is divided by 77?
67
What is the remainder when 8692 is divided by 86?
6
Calculate the remainder when 158753 is divided by 15.
8
Calculate the remainder when 2818 is divided by 61.
12
What is the remainder when 72870 is divided by 396?
6
What is the remainder when 12092 is divided by 17?
5
Calculate the remainder when 669 is divided by 255.
159
What is the remainder when 4045 is divided by 32?
13
What is the remainder when 12967 is divided by 240?
7
Calculate the remainder when 181355 is divided by 357.
356
Calculate the remainder when 61997 is divided by 3.
2
Calculate the remainder when 14841 is divided by 2963.
26
What is the remainder when 602 is divided by 522?
80
Calculate the remainder when 138188 is divided by 130.
128
What is the remainder when 37019 is divided by 18476?
67
Calculate the remainder when 4521 is divided by 895.
46
What is the remainder when 10700 is divided by 396?
8
Calculate the remainder when 424696 is divided by 5.
1
Calculate the remainder when 3708 is divided by 281.
55
Calculate the remainder when 236200 is divided by 6.
4
Calculate the remainder when 2944 is divided by 230.
184
Calculate the remainder when 446128 is divided by 17.
14
What is the remainder when 137009 is divided by 5955?
44
Calculate the remainder when 20909 is divided by 14.
7
Calculate the remainder when 67084 is divided by 38.
14
What is the remainder when 5785 is divided by 32?
25
Calculate the remainder when 140597 is divided by 12.
5
What is the remainder when 40174 is divided by 13350?
124
Calculate the remainder when 40067 is divided by 126.
125
What is the remainder when 17755 is divided by 1866?
961
What is the remainder when 45915 is divided by 41?
36
Calculate the remainder when 6429054 is divided by 8.
6
Calculate the remainder when 8047 is divided by 804.
7
What is the remainder when 70028 is divided by 712?
252
Calculate the remainder when 1652 is divided by 62.
40
Calculate the remainder when 7278 is divided by 87.
57
What is the remainder when 70884 is divided by 675?
9
What is the remainder when 33247 is divided by 11082?
1
What is the remainder when 367717 is divided by 580?
577
Calculate the remainder when 26395 is divided by 37.
14
Calculate the remainder when 8237 is divided by 249.
20
What is the remainder when 259 is divided by 168?
91
Calculate the remainder when 351 is divided by 68.
11
What is the remainder when 1648 is divided by 24?
16
What is the remainder when 1136257 is divided by 21?
10
What is the remainder when 4552 is divided by 26?
2
What is the remainder when 163553 is divided by 275?
203
What is the remainder when 49130 is divided by 5?
0
What is the remainder when 5571 is divided by 43?
24
Calculate the remainder when 52919 is divided by 337.
10
What is the remainder when 965 is divided by 437?
91
Calculate the remainder when 32003 is divided by 75.
53
What is the remainder when 31797 is divided by 458?
195
Calculate the remainder when 2667 is divided by 2592.
75
What is the remainder when 23673 is divided by 329?
314
What is the remainder when 5015 is divided by 2502?
11
Calculate the remainder when 41738 is divided by 13905.
23
Calculate the remainder when 59026 is divided by 11798.
36
Calculate the remainder when 3643 is divided by 29.
18
What is the remainder when 359595 is divided by 3707?
16
Calculate the remainder when 68453 is divided by 14.
7
What is the remainder when 2719 is divided by 94?
87
Calculate the remainder when 4547 is divided by 134.
125
What is the remainder when 42448 is divided by 2653?
0
Calculate the remainder when 1704 is divided by 1314.
390
What is the remainder when 22061 is divided by 7326?
83
What is the remainder when 1822 is divided by 216?
94
Calculate the remainder when 3348 is divided by 93.
0
What is the remainder when 75997 is divided by 329?
327
What is the remainder when 41877 is divided by 35?
17
Calculate the remainder when 1719 is divided by 206.
71
What is the remainder when 75224 is divided by 152?
136
Calculate the remainder when 1784614 is divided by 488.
486
Calculate the remainder when 6294 is divided by 214.
88
Calculate the remainder when 26541 is divided by 511.
480
What is the remainder when 5587 is divided by 309?
25
Calculate the remainder when 164161 is divided by 6.
1
What is the remainder when 18152 is divided by 18120?
32
What is the remainder when 21006 is divided by 16?
14
Calculate the remainder when 9065 is divided by 210.
35
What is the remainder when 3981 is divided by 749?
236
Calculate the remainder when 73332 is divided by 163.
145
Calculate the remainder when 47909 is divided by 3986.
77
Calculate the remainder when 4409 is divided by 192.
185
Calculate the remainder when 957928 is divided by 15.
13
Calculate the remainder when 1119 is divided by 25.
19
Calculate the remainder when 5641 is divided by 414.
259
What is the remainder when 31767 is divided by 13?
8
What is the remainder when 6013 is divided by 1202?
3
What is the remainder when 41134 is divided by 1421?
1346
What is the remainder when 24908 is divided by 356?
344
Calculate the remainder when 1563537 is divided by 46.
43
What is the remainder when 925066 is divided by 67?
64
Calculate the remainder when 3681 is divided by 70.
41
What is the remainder when 826 is divided by 110?
56
Calculate the remainder when 2506 is divided by 1250.
6
What is the remainder when 127750 is divided by 509?
500
Calculate the remainder when 932 is divided by 896.
36
Calculate the remainder when 47903 is divided by 328.
15
Calculate the remainder when 28979 is divided by 9652.
23
What is the remainder when 363 is divided by 84?
27
What is the remainder when 6997 is divided by 269?
3
What is the remainder when 4577 is divided by 1300?
677
What is the remainder when 12051 is divided by 595?
151
Calculate the remainder when 1362975 is divided by 46.
41
What is the remainder when 136926 is divided by 62?
30
Calculate the remainder when 290735 is divided by 141.
134
Calculate the remainder when 14804 is divided by 2111.
27
Calculate the remainder when 31803 is divided by 38.
35
What is the remainder when 13496 is divided by 13492?
4
What is the remainder when 1375639 is divided by 177?
172
Calculate the remainder when 695 is divided by 24.
23
Calculate the remainder when 42834 is divided by 973.
22
What is the re